{"id":105,"date":"2019-04-22T20:35:17","date_gmt":"2019-04-22T20:35:17","guid":{"rendered":"http:\/\/familie-von-mirbach.de\/?page_id=105"},"modified":"2019-04-30T20:06:22","modified_gmt":"2019-04-30T20:06:22","slug":"mirbach-in-der-eifel-2","status":"publish","type":"page","link":"https:\/\/familie-von-mirbach.de\/?page_id=105","title":{"rendered":"Mirbach in der Eifel"},"content":{"rendered":"\n<p>Ortsteil der Gemeinde Wiesbaum mit 82 Einwohnern (2014) im Landkreis Vulkaneifel (Rheinland-Pfalz),  am gleichnamigen Fl\u00fc\u00dfchen gelegen, das in die Ahr m\u00fcndet. <\/p>\n\n\n\n<p> 1986 war Mirbach i.d. Eifel Kreissieger im Wettbewerb <em>Unser Dorf soll sch\u00f6ner werden. <\/em><\/p>\n\n\n\n<figure class=\"wp-block-image is-resized\"><a href=\"https:\/\/www.google.de\/maps\/place\/Mirbach,+54578+Wiesbaum\/@50.4603087,6.5855713,10z\/data=!4m13!1m7!3m6!1s0x47bfa4f2445b4917:0x545c57b0be210ba3!2sMirbach,+54578+Wiesbaum!3b1!8m2!3d50.3567055!4d6.6773852!3m4!1s0x47bfa4f2445b4917:0x545c57b0be210ba3!8m2!3d50.3567055!4d6.6773852?hl=de\"><img loading=\"lazy\" decoding=\"async\" src=\"http:\/\/familie-von-mirbach.de\/wp-content\/uploads\/2019\/04\/Mirbach-weit-1-1024x677.jpg\" alt=\"\" class=\"wp-image-465\" width=\"1050\" height=\"693\" srcset=\"https:\/\/familie-von-mirbach.de\/wp-content\/uploads\/2019\/04\/Mirbach-weit-1-1024x677.jpg 1024w, https:\/\/familie-von-mirbach.de\/wp-content\/uploads\/2019\/04\/Mirbach-weit-1-300x198.jpg 300w, https:\/\/familie-von-mirbach.de\/wp-content\/uploads\/2019\/04\/Mirbach-weit-1-768x508.jpg 768w\" sizes=\"auto, (max-width: 1050px) 100vw, 1050px\" \/><\/a><\/figure>\n\n\n\n<figure class=\"wp-block-image is-resized\"><a href=\"https:\/\/www.google.de\/maps\/place\/Mirbach,+54578+Wiesbaum\/@50.3569202,6.6767735,17z\/data=!4m13!1m7!3m6!1s0x47bfa4f2445b4917:0x545c57b0be210ba3!2sMirbach,+54578+Wiesbaum!3b1!8m2!3d50.3567055!4d6.6773852!3m4!1s0x47bfa4f2445b4917:0x545c57b0be210ba3!8m2!3d50.3567055!4d6.6773852?hl=de\"><img loading=\"lazy\" decoding=\"async\" src=\"http:\/\/familie-von-mirbach.de\/wp-content\/uploads\/2019\/04\/Mirbach-nah-1024x772.jpg\" alt=\"\" class=\"wp-image-466\" width=\"1052\" height=\"793\" srcset=\"https:\/\/familie-von-mirbach.de\/wp-content\/uploads\/2019\/04\/Mirbach-nah-1024x772.jpg 1024w, https:\/\/familie-von-mirbach.de\/wp-content\/uploads\/2019\/04\/Mirbach-nah-300x226.jpg 300w, https:\/\/familie-von-mirbach.de\/wp-content\/uploads\/2019\/04\/Mirbach-nah-768x579.jpg 768w, https:\/\/familie-von-mirbach.de\/wp-content\/uploads\/2019\/04\/Mirbach-nah.jpg 1226w\" sizes=\"auto, (max-width: 1052px) 100vw, 1052px\" \/><\/a><\/figure>\n","protected":false},"excerpt":{"rendered":"<p>Ortsteil der Gemeinde Wiesbaum mit 82 Einwohnern (2014) im Landkreis Vulkaneifel (Rheinland-Pfalz), am gleichnamigen Fl\u00fc\u00dfchen gelegen, das in die Ahr m\u00fcndet. 1986 war Mirbach i.d. Eifel Kreissieger im Wettbewerb Unser Dorf soll sch\u00f6ner werden.<\/p>\n","protected":false},"author":1,"featured_media":0,"parent":0,"menu_order":0,"comment_status":"closed","ping_status":"closed","template":"","meta":{"footnotes":""},"class_list":["post-105","page","type-page","status-publish","hentry"],"_links":{"self":[{"href":"https:\/\/familie-von-mirbach.de\/index.php?rest_route=\/wp\/v2\/pages\/105","targetHints":{"allow":["GET"]}}],"collection":[{"href":"https:\/\/familie-von-mirbach.de\/index.php?rest_route=\/wp\/v2\/pages"}],"about":[{"href":"https:\/\/familie-von-mirbach.de\/index.php?rest_route=\/wp\/v2\/types\/page"}],"author":[{"embeddable":true,"href":"https:\/\/familie-von-mirbach.de\/index.php?rest_route=\/wp\/v2\/users\/1"}],"replies":[{"embeddable":true,"href":"https:\/\/familie-von-mirbach.de\/index.php?rest_route=%2Fwp%2Fv2%2Fcomments&post=105"}],"version-history":[{"count":4,"href":"https:\/\/familie-von-mirbach.de\/index.php?rest_route=\/wp\/v2\/pages\/105\/revisions"}],"predecessor-version":[{"id":469,"href":"https:\/\/familie-von-mirbach.de\/index.php?rest_route=\/wp\/v2\/pages\/105\/revisions\/469"}],"wp:attachment":[{"href":"https:\/\/familie-von-mirbach.de\/index.php?rest_route=%2Fwp%2Fv2%2Fmedia&parent=105"}],"curies":[{"name":"wp","href":"https:\/\/api.w.org\/{rel}","templated":true}]}}

<p>Ortsteil der Gemeinde Wiesbaum mit 82 Einwohnern (2014) im Landkreis Vulkaneifel (Rheinland-Pfalz),  am gleichnamigen Flüßchen gelegen, das in die Ahr mündet. </p>



<p> 1986 war Mirbach i.d. Eifel Kreissieger im Wettbewerb <em>Unser Dorf soll schöner werden. </em></p>



<figure class="wp-block-image is-resized"><a href="https://www.google.de/maps/place/Mirbach,+54578+Wiesbaum/@50.4603087,6.5855713,10z/data=!4m13!1m7!3m6!1s0x47bfa4f2445b4917:0x545c57b0be210ba3!2sMirbach,+54578+Wiesbaum!3b1!8m2!3d50.3567055!4d6.6773852!3m4!1s0x47bfa4f2445b4917:0x545c57b0be210ba3!8m2!3d50.3567055!4d6.6773852?hl=de"><img loading="lazy" decoding="async" src="http://familie-von-mirbach.de/wp-content/uploads/2019/04/Mirbach-weit-1-1024x677.jpg" alt="" class="wp-image-465" width="1050" height="693" srcset="https://familie-von-mirbach.de/wp-content/uploads/2019/04/Mirbach-weit-1-1024x677.jpg 1024w, https://familie-von-mirbach.de/wp-content/uploads/2019/04/Mirbach-weit-1-300x198.jpg 300w, https://familie-von-mirbach.de/wp-content/uploads/2019/04/Mirbach-weit-1-768x508.jpg 768w" sizes="auto, (max-width: 1050px) 100vw, 1050px" /></a></figure>



<figure class="wp-block-image is-resized"><a href="https://www.google.de/maps/place/Mirbach,+54578+Wiesbaum/@50.3569202,6.6767735,17z/data=!4m13!1m7!3m6!1s0x47bfa4f2445b4917:0x545c57b0be210ba3!2sMirbach,+54578+Wiesbaum!3b1!8m2!3d50.3567055!4d6.6773852!3m4!1s0x47bfa4f2445b4917:0x545c57b0be210ba3!8m2!3d50.3567055!4d6.6773852?hl=de"><img loading="lazy" decoding="async" src="http://familie-von-mirbach.de/wp-content/uploads/2019/04/Mirbach-nah-1024x772.jpg" alt="" class="wp-image-466" width="1052" height="793" srcset="https://familie-von-mirbach.de/wp-content/uploads/2019/04/Mirbach-nah-1024x772.jpg 1024w, https://familie-von-mirbach.de/wp-content/uploads/2019/04/Mirbach-nah-300x226.jpg 300w, https://familie-von-mirbach.de/wp-content/uploads/2019/04/Mirbach-nah-768x579.jpg 768w, https://familie-von-mirbach.de/wp-content/uploads/2019/04/Mirbach-nah.jpg 1226w" sizes="auto, (max-width: 1052px) 100vw, 1052px" /></a></figure>

<p>Ortsteil der Gemeinde Wiesbaum mit 82 Einwohnern (2014) im Landkreis Vulkaneifel (Rheinland-Pfalz), am gleichnamigen Flüßchen gelegen, das in die Ahr mündet. 1986 war Mirbach i.d. Eifel Kreissieger im Wettbewerb Unser Dorf soll schöner werden.</p>
