{"id":60,"date":"2019-04-22T19:08:36","date_gmt":"2019-04-22T19:08:36","guid":{"rendered":"http:\/\/familie-von-mirbach.de\/?page_id=60"},"modified":"2021-07-19T16:19:21","modified_gmt":"2021-07-19T16:19:21","slug":"herausragende-angehoerige","status":"publish","type":"page","link":"https:\/\/familie-von-mirbach.de\/?page_id=60","title":{"rendered":"Herausragende Angeh\u00f6rige"},"content":{"rendered":"\n<h2 class=\"wp-block-heading\">Otto Freiherr von Mirbach<\/h2>\n\n\n\n<div class=\"wp-block-media-text alignwide has-media-on-the-right is-stacked-on-mobile\" style=\"grid-template-columns:auto 28%\"><figure class=\"wp-block-media-text__media\"><img loading=\"lazy\" decoding=\"async\" width=\"150\" height=\"220\" src=\"http:\/\/familie-von-mirbach.de\/wp-content\/uploads\/2019\/04\/Otto.jpg\" alt=\"\" class=\"wp-image-62 size-full\"\/><\/figure><div class=\"wp-block-media-text__content\">\n<p>geb. Mitau-Kurland 1.1.1776<br>gest. Goldap-Ostpreu\u00dfen 17.1.1851<br>Oberst und Kommandeur des Inf. Rgt. Nr. 14<br>Erst\u00fcrmer des Grimmaischen Tores am 19.10.1813 in der V\u00f6lkerschlacht von Leipzig \n\n<\/p>\n<\/div><\/div>\n\n\n\n<p><\/p>\n\n\n\n<h2 class=\"has-text-align-right wp-block-heading\"> <a href=\"https:\/\/de.wikipedia.org\/wiki\/Ernst_von_Mirbach\">Ernst Freiherr von Mirbach<\/a><\/h2>\n\n\n\n<div class=\"wp-block-media-text alignwide is-stacked-on-mobile\" style=\"grid-template-columns:27% auto\"><figure class=\"wp-block-media-text__media\"><img loading=\"lazy\" decoding=\"async\" width=\"150\" height=\"220\" src=\"http:\/\/familie-von-mirbach.de\/wp-content\/uploads\/2019\/04\/Ernst.jpg\" alt=\"\" class=\"wp-image-61 size-full\"\/><\/figure><div class=\"wp-block-media-text__content\">\n<p>geb. D\u00fcsseldorf 24.12.1844<br>gest. Potsdam 6.4.1925<br>Oberhofmeister der Kaiserin Auguste Viktoria<br>Obertruchse\u00df des Kaisers Wilhelm II<br>Generalleutnant \u00e1 la suite, D.h.c.  <\/p>\n<\/div><\/div>\n\n\n\n<p><\/p>\n\n\n\n<h2 class=\"wp-block-heading\"><a href=\"https:\/\/de.wikipedia.org\/wiki\/Wilhelm_von_Mirbach-Harff\"> Wilhelm Graf von Mirbach-Harff  <\/a>           <\/h2>\n\n\n\n<div class=\"wp-block-media-text alignwide has-media-on-the-right is-stacked-on-mobile\" style=\"grid-template-columns:auto 27%\"><figure class=\"wp-block-media-text__media\"><img loading=\"lazy\" decoding=\"async\" width=\"150\" height=\"220\" src=\"http:\/\/familie-von-mirbach.de\/wp-content\/uploads\/2019\/04\/Wilhelm.jpg\" alt=\"\" class=\"wp-image-65 size-full\"\/><\/figure><div class=\"wp-block-media-text__content\">\n<p>geb. Bad Ischl 2.7.1871<br>ermordet Moskau 6.7.1918<br>Au\u00dferordentlicher Gesandter und Bevollm\u00e4chtigter Minister des Deutschen Reichs bei der Sowjetregierung  <\/p>\n<\/div><\/div>\n\n\n\n<p><\/p>\n\n\n\n<h2 class=\"has-text-align-right wp-block-heading\"><a href=\"https:\/\/de.wikipedia.org\/wiki\/G%C3%B6tz_von_Mirbach\">G\u00f6tz Freiherr von Mirbach<\/a><\/h2>\n\n\n\n<div class=\"wp-block-media-text alignwide is-stacked-on-mobile\" style=\"grid-template-columns:29% auto\"><figure class=\"wp-block-media-text__media\"><img loading=\"lazy\" decoding=\"async\" width=\"150\" height=\"220\" src=\"http:\/\/familie-von-mirbach.de\/wp-content\/uploads\/2019\/04\/Goetz.jpg\" alt=\"\" class=\"wp-image-63 size-full\"\/><\/figure><div class=\"wp-block-media-text__content\">\n<p>geb. Berlin 12.9.1915<br>gest. Hamburg 6.8.1968<br>Korvettenkapit\u00e4n, Schnellbootkommandant<br>500. Tr\u00e4ger des Eichenlaubs zum Ritterkreuz des Eisernen Kreuzes <\/p>\n<\/div><\/div>\n\n\n\n<p><\/p>\n\n\n\n<h2 class=\"wp-block-heading\"><a href=\"https:\/\/de.wikipedia.org\/wiki\/Maimi_von_Mirbach\">Maimi Freifrau von Mirbach<\/a><\/h2>\n\n\n\n<div class=\"wp-block-media-text alignwide has-media-on-the-right is-stacked-on-mobile\" style=\"grid-template-columns:auto 29%\"><figure class=\"wp-block-media-text__media\"><img loading=\"lazy\" decoding=\"async\" width=\"150\" height=\"220\" src=\"http:\/\/familie-von-mirbach.de\/wp-content\/uploads\/2019\/04\/Maimi.jpg\" alt=\"\" class=\"wp-image-64 size-full\"\/><\/figure><div class=\"wp-block-media-text__content\">\n<p>geb. Antwerpen 9.4.1899<br>gest. Berlin 8.10.1984<br>Cellolehrerin<br>Tr\u00e4gerin der Medaille Yad Vashem<br>Sie rettete in Potsdam zahlreichen Juden das Leben.  <\/p>\n<\/div><\/div>\n\n\n\n<p>                   <\/p>\n\n\n\n<h2 class=\"has-text-align-right wp-block-heading\"><a href=\"https:\/\/de.wikipedia.org\/wiki\/Andreas_Baron_von_Mirbach\">Andreas Baron von Mirbach<\/a><\/h2>\n\n\n\n<div class=\"wp-block-media-text alignwide is-stacked-on-mobile\" style=\"grid-template-columns:27% auto\"><figure class=\"wp-block-media-text__media\"><img loading=\"lazy\" decoding=\"async\" width=\"150\" height=\"220\" src=\"http:\/\/familie-von-mirbach.de\/wp-content\/uploads\/2019\/04\/Andreas.jpg\" alt=\"\" class=\"wp-image-66 size-full\"\/><\/figure><div class=\"wp-block-media-text__content\">\n<p>geb. Riga 9.4.1931<br>ermordet durch die RAF Stockholm 24.4.1975<br>Oberstleutnant i.G.<br>Verteidigungsattach\u00e9e bei der Botschaft der Bundesrepublik Deutschland in Stockholm  <\/p>\n<\/div><\/div>\n","protected":false},"excerpt":{"rendered":"<p>Otto Freiherr von Mirbach geb. Mitau-Kurland 1.1.1776gest. Goldap-Ostpreu\u00dfen 17.1.1851Oberst und Kommandeur des Inf. Rgt. Nr. 14Erst\u00fcrmer des Grimmaischen Tores am 19.10.1813 in der V\u00f6lkerschlacht von Leipzig Ernst Freiherr von Mirbach geb. D\u00fcsseldorf 24.12.1844gest. Potsdam&#46;&#46;&#46;<\/p>\n","protected":false},"author":1,"featured_media":0,"parent":0,"menu_order":0,"comment_status":"closed","ping_status":"closed","template":"","meta":{"footnotes":""},"class_list":["post-60","page","type-page","status-publish","hentry"],"_links":{"self":[{"href":"https:\/\/familie-von-mirbach.de\/index.php?rest_route=\/wp\/v2\/pages\/60","targetHints":{"allow":["GET"]}}],"collection":[{"href":"https:\/\/familie-von-mirbach.de\/index.php?rest_route=\/wp\/v2\/pages"}],"about":[{"href":"https:\/\/familie-von-mirbach.de\/index.php?rest_route=\/wp\/v2\/types\/page"}],"author":[{"embeddable":true,"href":"https:\/\/familie-von-mirbach.de\/index.php?rest_route=\/wp\/v2\/users\/1"}],"replies":[{"embeddable":true,"href":"https:\/\/familie-von-mirbach.de\/index.php?rest_route=%2Fwp%2Fv2%2Fcomments&post=60"}],"version-history":[{"count":11,"href":"https:\/\/familie-von-mirbach.de\/index.php?rest_route=\/wp\/v2\/pages\/60\/revisions"}],"predecessor-version":[{"id":599,"href":"https:\/\/familie-von-mirbach.de\/index.php?rest_route=\/wp\/v2\/pages\/60\/revisions\/599"}],"wp:attachment":[{"href":"https:\/\/familie-von-mirbach.de\/index.php?rest_route=%2Fwp%2Fv2%2Fmedia&parent=60"}],"curies":[{"name":"wp","href":"https:\/\/api.w.org\/{rel}","templated":true}]}}

Herausragende Angehörige

<h2 class="wp-block-heading">Otto Freiherr von Mirbach</h2>



<div class="wp-block-media-text alignwide has-media-on-the-right is-stacked-on-mobile" style="grid-template-columns:auto 28%"><figure class="wp-block-media-text__media"><img loading="lazy" decoding="async" width="150" height="220" src="http://familie-von-mirbach.de/wp-content/uploads/2019/04/Otto.jpg" alt="" class="wp-image-62 size-full"/></figure><div class="wp-block-media-text__content">
<p>geb. Mitau-Kurland 1.1.1776<br>gest. Goldap-Ostpreußen 17.1.1851<br>Oberst und Kommandeur des Inf. Rgt. Nr. 14<br>Erstürmer des Grimmaischen Tores am 19.10.1813 in der Völkerschlacht von Leipzig 

</p>
</div></div>



<p></p>



<h2 class="has-text-align-right wp-block-heading"> <a href="https://de.wikipedia.org/wiki/Ernst_von_Mirbach">Ernst Freiherr von Mirbach</a></h2>



<div class="wp-block-media-text alignwide is-stacked-on-mobile" style="grid-template-columns:27% auto"><figure class="wp-block-media-text__media"><img loading="lazy" decoding="async" width="150" height="220" src="http://familie-von-mirbach.de/wp-content/uploads/2019/04/Ernst.jpg" alt="" class="wp-image-61 size-full"/></figure><div class="wp-block-media-text__content">
<p>geb. Düsseldorf 24.12.1844<br>gest. Potsdam 6.4.1925<br>Oberhofmeister der Kaiserin Auguste Viktoria<br>Obertruchseß des Kaisers Wilhelm II<br>Generalleutnant á la suite, D.h.c.  </p>
</div></div>



<p></p>



<h2 class="wp-block-heading"><a href="https://de.wikipedia.org/wiki/Wilhelm_von_Mirbach-Harff"> Wilhelm Graf von Mirbach-Harff  </a>           </h2>



<div class="wp-block-media-text alignwide has-media-on-the-right is-stacked-on-mobile" style="grid-template-columns:auto 27%"><figure class="wp-block-media-text__media"><img loading="lazy" decoding="async" width="150" height="220" src="http://familie-von-mirbach.de/wp-content/uploads/2019/04/Wilhelm.jpg" alt="" class="wp-image-65 size-full"/></figure><div class="wp-block-media-text__content">
<p>geb. Bad Ischl 2.7.1871<br>ermordet Moskau 6.7.1918<br>Außerordentlicher Gesandter und Bevollmächtigter Minister des Deutschen Reichs bei der Sowjetregierung  </p>
</div></div>



<p></p>



<h2 class="has-text-align-right wp-block-heading"><a href="https://de.wikipedia.org/wiki/G%C3%B6tz_von_Mirbach">Götz Freiherr von Mirbach</a></h2>



<div class="wp-block-media-text alignwide is-stacked-on-mobile" style="grid-template-columns:29% auto"><figure class="wp-block-media-text__media"><img loading="lazy" decoding="async" width="150" height="220" src="http://familie-von-mirbach.de/wp-content/uploads/2019/04/Goetz.jpg" alt="" class="wp-image-63 size-full"/></figure><div class="wp-block-media-text__content">
<p>geb. Berlin 12.9.1915<br>gest. Hamburg 6.8.1968<br>Korvettenkapitän, Schnellbootkommandant<br>500. Träger des Eichenlaubs zum Ritterkreuz des Eisernen Kreuzes </p>
</div></div>



<p></p>



<h2 class="wp-block-heading"><a href="https://de.wikipedia.org/wiki/Maimi_von_Mirbach">Maimi Freifrau von Mirbach</a></h2>



<div class="wp-block-media-text alignwide has-media-on-the-right is-stacked-on-mobile" style="grid-template-columns:auto 29%"><figure class="wp-block-media-text__media"><img loading="lazy" decoding="async" width="150" height="220" src="http://familie-von-mirbach.de/wp-content/uploads/2019/04/Maimi.jpg" alt="" class="wp-image-64 size-full"/></figure><div class="wp-block-media-text__content">
<p>geb. Antwerpen 9.4.1899<br>gest. Berlin 8.10.1984<br>Cellolehrerin<br>Trägerin der Medaille Yad Vashem<br>Sie rettete in Potsdam zahlreichen Juden das Leben.  </p>
</div></div>



<p>                   </p>



<h2 class="has-text-align-right wp-block-heading"><a href="https://de.wikipedia.org/wiki/Andreas_Baron_von_Mirbach">Andreas Baron von Mirbach</a></h2>



<div class="wp-block-media-text alignwide is-stacked-on-mobile" style="grid-template-columns:27% auto"><figure class="wp-block-media-text__media"><img loading="lazy" decoding="async" width="150" height="220" src="http://familie-von-mirbach.de/wp-content/uploads/2019/04/Andreas.jpg" alt="" class="wp-image-66 size-full"/></figure><div class="wp-block-media-text__content">
<p>geb. Riga 9.4.1931<br>ermordet durch die RAF Stockholm 24.4.1975<br>Oberstleutnant i.G.<br>Verteidigungsattachée bei der Botschaft der Bundesrepublik Deutschland in Stockholm  </p>
</div></div>

<p>Otto Freiherr von Mirbach geb. Mitau-Kurland 1.1.1776gest. Goldap-Ostpreußen 17.1.1851Oberst und Kommandeur des Inf. Rgt. Nr. 14Erstürmer des Grimmaischen Tores am 19.10.1813 in der Völkerschlacht von Leipzig Ernst Freiherr von Mirbach geb. Düsseldorf 24.12.1844gest. Potsdam&#46;&#46;&#46;</p>
